8. What is the tens digit of ((-72)/14)/((-8)/q)?
3
Suppose 330 - 71 = 7*w. What is the tens digit of w?
3
Let h(d) = 5*d + 11. What is the units digit of h(5)?
6
Let j = 5 - 0. Suppose 0 = j*x - 6 + 1. What is the units digit of x?
1
What is the units digit of (86/3)/(4/6)?
3
Let a be (-37)/(-3) + (-2)/(-3). Let s = a + -8. What is the units digit of s?
5
Let d(r) = 10*r - 29. What is the tens digit of d(8)?
5
Suppose 0*f = f + 5*i + 13, -5*f + 19 = -3*i. Suppose -f*z = -z + 5, 3*z = -c - 12. Suppose -2*y = c*u - 0 - 2, 0 = 4*y + 20. What is the units digit of u?
4
Let y = 2 + 2. What is the units digit of (-2)/y + 65/10?
6
What is the tens digit of ((-10)/3)/(-5)*183?
2
Let x = 583 + -296. What is the hundreds digit of x?
2
Let k(a) = 2*a**2 - 23*a + 30. What is the tens digit of k(14)?
0
Let q = 69 + -4. Suppose -q = -4*h - 5. What is the tens digit of h?
1
Let i = -1 - -3. Suppose 60 = a + i*a. Suppose 0 = -5*k - r + 14, -3*r + a = 2*k + 2*k. What is the units digit of k?
2
Let z(l) = l**2 + 1. Let y(p) = p**2. Let k(s) = 3*y(s) - z(s). Suppose 1 + 5 = 3*v. What is the units digit of k(v)?
7
Let v(b) = b**2 + 2*b + 6. Suppose 0 = 5*n - 2*y + 10, -4*n - 2 = -3*y - 1. What is the units digit of v(n)?
4
Suppose -3*i = 12, -16 = -2*q - 3*q - i. What is the units digit of q?
4
Let t(j) = -j**2 + j - 4. Let k(y) = -y**2 + 2*y - 5. Let u = -5 - -10. Let a(l) = u*k(l) - 6*t(l). What is the units digit of a(-6)?
1
Let x be (-2632)/(-21) - 4/(-6). Suppose 3*q - x = -51. What is the tens digit of q?
2
What is the units digit of (-8)/6 - (-166)/3?
4
Let r(p) = p**2 - p - 3. Let c be r(3). Suppose -40 = -t - c*t. What is the units digit of t?
0
Let n(z) = -z + 60. What is the tens digit of n(0)?
6
Suppose -5*f - 5 = w, 4*f + 3 = -w + f. Let q(m) = -m**2 + 8*m + 12. Let t be q(9). Suppose 2*j + t*i = -2, -i - 5 + 3 = w. What is the units digit of j?
2
Let k be (-1)/(7/(-3) - -2). Suppose -3*w + 3 + k = 0. Suppose -3*g + 6 = -w*g. What is the units digit of g?
6
Let g = -17 - -20. Suppose -g*n + m + m + 122 = 0, 3*m - 15 = 0. What is the tens digit of n?
4
Suppose -h = -2*h + 3. Let f = 0 - -1. Suppose -h*i + 4 = f. What is the units digit of i?
1
Let q(d) = -d**3 - 20*d**2 - 44*d - 19. What is the units digit of q(-18)?
5
Suppose 4*i - 27 = 69. Suppose 4*t - i = -4*a, 3*t - 6 = a - 0*t. Suppose 0 = a*s + 5*p - 6, -8 = -3*s + 3*p - 2. What is the units digit of s?
2
Let x(c) = c**3 + 9*c**2 + 5*c + 5. What is the units digit of x(-8)?
9
Suppose 6 - 3 = n. Let x(i) = i**2 + 3*i - 2. Let c be x(-4). Suppose -s - c*h = n*s - 16, -3*s = h - 12. What is the units digit of s?
4
What is the units digit of (-317)/(-1) + 1*(-3 - -5)?
9
Suppose -2*m + 3*p = -58, 4*p = -m + 12 - 5. What is the units digit of m?
3
Suppose 0 = i + 36 - 153. What is the tens digit of i?
1
Suppose 0*x + 4*x = -2*f + 24, -3*x + 3*f = -9. Suppose -x*n = -0*n - 3*o - 9, 0 = -3*n - 4*o - 12. Suppose -5*d + 77 - 17 = n. What is the units digit of d?
2
Let n(k) = k**2 - 9*k + 9. What is the tens digit of n(12)?
4
Suppose 4*f - 7 + 19 = 0. Suppose -7 = -p - 2. Let x = f + p. What is the units digit of x?
2
Let x = 3 - -2. Suppose -x*v + 6 = -4. Suppose 20 = -0*q + v*q. What is the tens digit of q?
1
What is the units digit of (-6)/21 + 988/28?
5
Let o(c) = c**2 + 1. Let q be o(1). Suppose -3*l + 1 = j, -j - 1 = -5*l - q*j. Let h = 10 + l. What is the tens digit of h?
1
Let s(n) = 4*n**2 - 3*n + 5. What is the units digit of s(2)?
5
Let d(y) = y - 5. Let c = 15 - 9. Let i be d(c). Suppose 2*w - 27 = 3*p, -p - 10 = -w + i. What is the units digit of w?
6
Let a be (1 - -2)/((-1)/(-1)). Suppose 1 + 10 = 2*b + 5*x, -11 = a*b + 2*x. Let r = -3 - b. What is the units digit of r?
4
Let g be 4 - (-3 - (-4)/2). Let f be (4/g)/((-3)/60). What is the units digit of (-1)/2*(-2 + f)?
9
Let j(d) = -d**2 + 10*d + 9. What is the units digit of j(10)?
9
Let y = -36 - -70. What is the units digit of y?
4
What is the tens digit of ((-9)/(-18))/(1/22)?
1
Let o(y) = 16*y**2 + 12. What is the units digit of o(-3)?
6
Suppose 2*w - 4*w + 4 = 0. Let d = -2 + w. Suppose 4*h + 49 = 5*k, 4*k - 3*h + d*h - 39 = 0. What is the units digit of k?
9
Let m(l) be the third derivative of -1/120*l**6 + 2/3*l**3 + 1/24*l**4 + 2*l**2 + 0*l**5 + 0 + 0*l. What is the units digit of m(0)?
4
Suppose g - 6 = -0*g. Suppose -g*o = -5*o. Suppose o*t - 5 = -t. What is the units digit of t?
5
Let y = -2 - 0. Let x be (y - 3/(-2))*-2. Let d = x - -1. What is the units digit of d?
2
Suppose 0 = -17*o + 6*o + 660. What is the tens digit of o?
6
Let m = -21 - -15. Let b(r) = r**3 + 6*r**2 - 2*r - 1. What is the tens digit of b(m)?
1
Suppose 3*v - 198 = -5*w, -197 = -4*w - w - 2*v. What is the tens digit of w?
3
What is the tens digit of (-24)/((-4)/64*6)?
6
Let i be 4/14 + (-75)/(-7). Let n(w) = -w**2 + 4*w + 3. Let m be n(6). Let p = i + m. What is the units digit of p?
2
Suppose -315 = -h - 2*h. Let k = h + -68. Suppose -5*i = 3*g - 59, 2 - k = -3*g + i. What is the units digit of g?
3
Let b(u) = u**2 - 26*u - 29. What is the tens digit of b(28)?
2
Let w(s) = 2*s + 0*s + s**3 + 3 - 5*s**2 - 5*s. Let o be w(4). What is the units digit of 5/o + (-41)/(-5)?
8
Let m(i) = 2 + 2*i - 5*i + 5*i**2 - 1. What is the tens digit of m(2)?
1
Let o = -22 - -58. What is the units digit of o?
6
Suppose 4*k = -4 - 40. Let q = k + 15. What is the units digit of q?
4
Let p(t) = -t**3 + 7*t**2 - 6*t + 7. Let s = 5 + 0. Suppose -3*o + 21 = 3*q, 3*q + s*o = q + 17. What is the units digit of p(q)?
7
Let u(i) = -i**3 - 7*i**2 - i - 6. Let y be u(-7). Let z(h) = -y - h**2 + 0*h**2 + 2*h + h. What is the units digit of z(1)?
1
Let g = -217 + 378. What is the units digit of g?
1
Let d be -1 + 8 - 1 - -2. Let f(y) = y**2 - 1. Let x(g) = 5*g**2 + 8*g - 13. Let s(v) = 6*f(v) - x(v). What is the units digit of s(d)?
7
Let p be (2 + -3)/(-3 + 4). Suppose -2*m = -5*n - m + 15, 4*m = 2*n + 12. Let j = n + p. What is the units digit of j?
3
Let h(n) = n**2 - 3*n + 3. Let f be h(3). Suppose -5*b = -f*b - 4. What is the units digit of b?
2
Let a be 32/24*9/(-2). Let i(l) = -3*l - 14. What is the units digit of i(a)?
4
Let q be 6/4*8/12. What is the tens digit of 2*(10 - q/1)?
1
Let k(u) be the first derivative of u**4/4 - 7*u**3/3 - u**2/2 + 9*u + 2. Let w be k(7). Suppose g = 3*j - 4*j + 6, -w*j + 6 = 0. What is the units digit of g?
3
Suppose 2*j + m + 19 = -4*m, -2*m + 10 = 0. Let x = j + 16. Let r = 13 + x. What is the units digit of r?
7
Suppose 10*g = 692 - 72. What is the tens digit of g?
6
Let s(h) be the first derivative of -h**3/3 + 4*h**2 + 10*h + 1. Let i be s(7). Let n = 33 - i. What is the tens digit of n?
1
Let r(f) = -f**2 - f + 17. What is the tens digit of r(0)?
1
What is the tens digit of (-1712)/(-6) - 2/6?
8
Let a(s) = 6*s - 1. Let b be a(2). Let d = b - 4. What is the units digit of d?
7
Let z(x) = -2*x + 13 - 2 + 3*x - 2. What is the tens digit of z(5)?
1
Let r(c) = -6*c + 7. Let o be r(-9). What is the tens digit of o/3 - (-5)/(-15)?
2
Let t = -7 + -1. Suppose -5*s + 0*p - 2*p + 59 = 0, 28 = 2*s + 3*p. Let o = t + s. What is the units digit of o?
3
Let j be 15/(-10) + 3/(-2). Let r = 5 + j. What is the units digit of r?
2
Let z be -1 + 9/3 + 3. Suppose s = 3*x - 3, -5*s = -s + z*x - 39. What is the units digit of s?
6
Suppose 0*v + 3*v - 21 = 0. Suppose 3*n - 4*f = v, f = 5*n - 2*f - 19. What is the units digit of n?
5
Suppose 2*i = -2*v + 6 - 2, v + 5*i = 10. What is the units digit of (-3 - -29)/(v - -1)?
6
Suppose 0*o = -3*o + 159. Let k = -33 + o. What is the units digit of k?
0
Suppose 3*u + 2*p + 69 = -0*u, -2*u - 41 = 3*p. Let d be (2/4)/((-2)/68). Let a = d - u. What is the units digit of a?
8
Let w(o) = o**2 + 6*o + 4. Let h(x) = 4*x**3 - x - 1. Let l be h(-1). Let p be w(l). Let y = 5 + p. What is the units digit of y?
1
What is the tens digit of (-14 + 55)/((-1)/(-2))?
8
Suppose h - 4*h = -18. Let v = -1 + h. What is the units digit of v?
5
Let l(v) = -2 + v**2 + 22*v - 10*v - 19*v. What is the units digit of l(8)?
6
Let h = 8 - -4. Let p = -10 + h. What is the units digit of p - (-13 + (-2)/1)?
7
Suppose 5*x - 38 = -13. Let q = 7 - x. Suppose -q*m - m + 18 = 0. What is the units digit of m?
6
Let s(l) = 23*l**3 + l**2 - l - 1. Let v be s(-